t j = 85 + -90. What are the prime factors of b(j)?
67
Suppose 3*y - 1 = 2*p, -4*p + p = 15. Let t be (-12)/9*y - 2. List the prime factors of ((-12)/(-20))/(t/10).
3
Suppose -5*r - 5*x + 3330 = 0, 5*r - 2*r - 5*x - 1966 = 0. What are the prime factors of r?
2, 331
Let a = -1093 + 1758. List the prime factors of a.
5, 7, 19
Let y(f) = 3*f - 20 + 0*f + 23. Let s = -19 + 27. List the prime factors of y(s).
3
Let k(d) = 8 + 93*d - d**3 - 93*d + 6*d**2. What are the prime factors of k(4)?
2, 5
Suppose 15 = 4*z + 3. Suppose -2*a - d = -146, -z*d - 323 = -3*a - 122. List the prime factors of a.
71
Suppose -114 = -5*y + 3*y + 2*t, 0 = 5*y - t - 273. Suppose 0 = -f - 2*u + 7, f + 5*u = 5*f - y. What are the prime factors of f?
11
Let r(k) = -24*k + 154 - 81 - 63. List the prime factors of r(-3).
2, 41
Let n(g) = g**2 + 8*g + 4. Let q be n(-8). Suppose 688 = q*u - 120. What are the prime factors of u?
2, 101
Let d(t) = -9*t**3 - 3*t**2 - 3*t - 1. Let h be d(-2). Suppose -5 = -5*s, 4*v + 9*s - h = 4*s. List the prime factors of 9/v*(-20)/(-4).
3
Let u(m) = 22*m**2 + 7*m + 9. What are the prime factors of u(-4)?
3, 37
Suppose k + 0*k = -4*p - 6588, -3*p + 3*k = 4956. What are the prime factors of (1/4)/((-4)/p)?
103
Let b(s) = -s**2 + 22*s - 13. Let q be b(21). List the prime factors of (q/(-8))/((-1)/45).
3, 5
Let b = 73 - -170. Let p = -44 + -114. Let o = b + p. What are the prime factors of o?
5, 17
Let b(z) = 8*z + 5. Let n be b(-3). Let m(l) = -l**2 + l + 4. Let j be m(-5). Let d = n - j. List the prime factors of d.
7
Let n be (-45)/(-18) - 1/(-2). Suppose 0 = 4*v - 8*v + 3*b + 12, 9 = n*v + 5*b. What are the prime factors of 11/((-11)/(-42)) + v?
3, 5
Let u(i) = i**3 - 10*i**2 + 9*i + 5. Let d be u(9). Suppose -g = -d*t - 5, 0 = -4*t + 2*t + 10. What are the prime factors of g?
2, 3, 5
Suppose 3*o + 128 = 758. Suppose -3*u + 0*u = -o. Suppose 2*s + 5*h - 35 = 0, -5*s + 0*h = -5*h - u. List the prime factors of s.
3, 5
Let h be (-8)/(-14) + 24/(-42). Let y(a) = -a + 2*a + 1 + 18. List the prime factors of y(h).
19
Let i(q) be the second derivative of -3*q**5/20 - q**4/6 - q**3/6 + q. Let g = 18 + -19. What are the prime factors of i(g)?
2
Suppose 3*j - 2012 = 4*w + 136, j + 2*w - 726 = 0. What are the prime factors of j?
2, 3, 5
Suppose 3*j - f + 162 = 0, 5*f + 102 + 60 = -3*j. Let s = 97 + j. List the prime factors of s.
43
Let p be (-4 + 7)*6/9. What are the prime factors of (16/p)/(6/12)?
2
Let q(o) = o**2 - 6*o + 33. Let s be q(10). Let d = 283 - s. What are the prime factors of d?
2, 3, 5, 7
Let g(p) = p**2 + 15*p - 22. What are the prime factors of g(8)?
2, 3
What are the prime factors of -1*(-4 - -2) - -272?
2, 137
Let h(f) = 2*f + 4. Let i be -3*(-6)/27*-3. Let v be h(i). Suppose -5*p + 5*n + 55 = v, -2*p - n + 31 = -0*n. List the prime factors of p.
2, 7
Let a = 492 - -136. What are the prime factors of a?
2, 157
Suppose 5*z = 2707 + 3198. List the prime factors of z.
1181
Suppose -224 = -i - s, -8*i - s + 451 = -6*i. What are the prime factors of i?
227
Let a = 3340 - 1730. What are the prime factors of a?
2, 5, 7, 23
List the prime factors of ((-1986)/8)/(10 - (-3627)/(-360)).
2, 5, 331
Let n = -163 - -319. Let q = n - 83. List the prime factors of q.
73
Suppose -d - 549 = 5*t - 117, -t - 5*d = 96. List the prime factors of ((-2 - (t + 3)) + -2)*1.
79
Let n(j) be the second derivative of j**5/20 + j**4/6 + j**3/3 - j**2/2 + j. Suppose 127*h - 124*h - 6 = 0. List the prime factors of n(h).
19
Suppose -3*z + 4*z - 277 = 0. Let n = 392 - z. What are the prime factors of n?
5, 23
Let q = -2889 + 5120. What are the prime factors of q?
23, 97
Let m = -68 - -73. Suppose 5*u = -4*q + 301 + 264, -4*u - m*q + 452 = 0. What are the prime factors of u?
113
Suppose -3 = a - 2*a. Let c be (a - 2) + -1 + 2. Suppose -c*b = -3*p - 74, 0 = -4*p - p. What are the prime factors of b?
37
Suppose 2*y - 6876 = k, -5466 = -y - 5*k - 2017. What are the prime factors of y?
19, 181
Suppose -21*t = -20*t + 5. List the prime factors of 6/t*1/(7/(-420)).
2, 3
Let d = -7 - -17. Let c be (-6)/d + (-116)/(-10). Let n = c + 12. List the prime factors of n.
23
Let x = 40 + -32. What are the prime factors of -24*(342/x)/(-9)?
2, 3, 19
Let b(j) = -2*j + 2. Suppose 0 = -2*o + 5*h - 1, 5*h = 3*o + 2*h - 12. Suppose -2*f = -f + o. List the prime factors of b(f).
2
Let a(p) be the second derivative of -2*p**3/3 + 3*p**2/2 + 14*p. List the prime factors of a(-4).
19
Let k(i) = 2*i**2 + 8*i - 2. Let p be k(-6). Let y = -32 + p. List the prime factors of (-183)/(-15) - (-2)/y.
2, 3
Suppose 0*t = -4*t - 16, -2*t = -5*z + 3. List the prime factors of (z + -153)*(-11)/22.
7, 11
Let y = 13 - 7. Suppose 0 = -3*t + 53 + 37. Suppose -y*f + t = -f. List the prime factors of f.
2, 3
Suppose 3*p - 6 = -0*p. Suppose -2*o - 4 + 0 = -p*v, 3*o + 5*v = 2. Let u(j) = 54*j**2 + 2*j + 2. List the prime factors of u(o).
2, 3
Let x be 12/10*5/(-2). Let h(a) = -a**3 - 5*a**2 + 6*a - 1. Let d be h(-6). List the prime factors of 0/(d + x) + 11.
11
Let u(b) = -b**3 + 8*b**2 + 5*b + 16. Let f be 20/30 - 25/(-3). Let y be u(f). Let a = -17 - y. List the prime factors of a.
3
Let q be (98/(-28))/(1/(-2)). Let z be 0 + 1 + -1 + q. Suppose -3*d + z*d = 120. What are the prime factors of d?
2, 3, 5
Let g be 16 + -12 - (-1 - 0). Suppose 57 - g = v. What are the prime factors of v?
2, 13
Suppose 8 = 2*k + 4. Suppose 124 = l + 5*v, v - 81 - 149 = -k*l. What are the prime factors of l?
2, 3, 19
Let r(b) = b**3 + 8*b - 2*b**2 + 4 + 7*b**2 + 4*b**2. Let w be r(-8). Suppose -5 - 3 = -w*v. What are the prime factors of v?
2
Let t be (-3)/27*3*-9. Suppose -t*k + 15 = 2*k, -117 = -4*o - 3*k. List the prime factors of o.
3
Suppose -3*v + 2*t = -2*t - 170, 2*v - 5*t = 111. Let n = -22 + v. Suppose 4*c = -4*o + 36, 5*c - c + 5*o = n. What are the prime factors of c?
3
Let h = 649 - 409. Suppose -5*k = 3*y + y - 221, 0 = -5*y + k + h. List the prime factors of y.
7
Let r(p) = -2*p + 10. Let a(k) = -5*k + 31. Let t(d) = 3*a(d) - 8*r(d). What are the prime factors of t(6)?
19
Let l be -34 + -1 + 1/1. What are the prime factors of 0 + 0 + 225 - (-30 - l)?
13, 17
Suppose 4*i = 4*z - 28, -29 + 2 = -5*z - 3*i. Let h = 21 + 41. Suppose 56 = 3*o - 2*b, h = 3*o - 5*b - z. List the prime factors of o.
2
Let b(h) = -h - 7. Let p(k) = -k - 6. Let a(y) = -6*b(y) + 5*p(y). List the prime factors of a(-5).
7
Let p(j) = -7*j**2 - 10*j + 7. Let x(z) = -z**2 - z. Let y(o) = -p(o) + 5*x(o). What are the prime factors of y(-6)?
5, 7
Let g be -1 + 0 - 258*10/4. What are the prime factors of g/(-6) + 22/(-33)?
107
What are the prime factors of (-6387)/(-6) - 14/28?
2, 7, 19
Let a be (-52)/78 - (-2)/3. Let h = 16 - 11. Suppose 5*o = -4*c + 165, -h*c + a*o = 5*o - 200. List the prime factors of c.
5, 7
Let w(b) = -b**3 - 6*b**2 + 13*b + 8. Let o be w(-7). Let f = o - -186. What are the prime factors of f?
2, 19
Let q = -29 + 43. Let m = 13 + q. What are the prime factors of m?
3
Let g(h) be the first derivative of -h**3/3 + 7*h**2 - 3*h - 32. What are the prime factors of g(11)?
2, 3, 5
Let s = -17 - -14. Let l be s/1 - (11 + -35). What are the prime factors of (l - 0) + (-14)/7?
19
Let s = -1681 + 3009. List the prime factors of s.
2, 83
Let m be (-5)/((-25)/224) + (-7)/(-35). Suppose 825 + m = 10*r. What are the prime factors of r?
3, 29
Let d(b) = b**2 + 2*b + 9. Let p be d(-4). Suppose 200 = 19*o - p*o. List the prime factors of o.
2, 5
Let b = 30 - 28. Suppose v - b = 43. List the prime factors of v.
3, 5
Let w be 3*(-2 - -3) + -1. Suppose 2*n + 3*j - 3 = 2, w*j = -2. List the prime factors of n.
2
Suppose 2 = -v + 2*v. Suppose -2*p - v*p = 0. Suppose 2*f - f + 29 = 2*z, p = -2*z - f + 19. What are the prime factors of z?
2, 3
Suppose 0 = 3*p + 3*i - 651, 609 + 46 = 3*p + 2*i. Suppose -5*n - 884 = -4*x, -3*n = x - n - p. List the prime factors of x.
13, 17
Let s(p) = -2*p + 7*p + 11 - 7*p. What are the prime factors of s(-11)?
3, 11
Let l = 1132 - 1127. Suppose -k = -2*k + 2. Suppose 3*x - f - 4*f = 54, -109 = -l*x + k*f. List the prime factors of x.
23
Let i(z) = 51*z**2 - 5*z + 2. Let y be 2 + -5 + (-4)/2. Let d(r) = -77*r**2 + 7*r - 3. Let p(g) = y*d(g) - 7*i(g). List the prime factors of p(1).
29
Suppose 81 = -o + 5*k, -4*o + 6*k - 3